= -6*g. Suppose -4*n + 4 = w, 5*n + 11 = -o + 41. What are the prime factors of o?
5
Let y(q) = 4*q - 36. Let t be y(10). Suppose -r + 544 = 7*b - 3*b, 540 = t*b + 2*r. List the prime factors of b.
137
Suppose -2*x = 2*p - 5*x - 698, -3*x = 3*p - 1017. Suppose -46*q + 39*q = -p. What are the prime factors of q?
7
Let y = -5 - -10. Suppose -16 = x - y*x. List the prime factors of x.
2
Suppose 3*q - 525 = -180. Let k = 179 - q. Let o = -32 + k. List the prime factors of o.
2
Let c = -14 + 20. Suppose 8*p - 596 = c*p. What are the prime factors of p?
2, 149
Suppose -5101 + 16333 = 4*q + 5*s, -2*q + 5*s = -5616. List the prime factors of q.
2, 3, 13
Suppose 15*b - 18*b = 6. Let c be -9*b/6 + 4. Suppose 82 = c*w - 37. What are the prime factors of w?
17
Let c = -16 - -10. Let m be (-143)/(-33) + (-4)/c. Suppose 2*n - 4*o = 68, m*n + 2*o = 3*o + 170. What are the prime factors of n?
2, 17
Suppose -423*m + 428*m = 3035. What are the prime factors of m?
607
Let g be 4100/30 - (-10)/(-6). Let p = g - 79. What are the prime factors of p?
2, 7
Let y = 233 - 156. List the prime factors of y.
7, 11
Let c(y) = -y**3 + 4*y**2 + 6*y - 21. Let p be c(4). Suppose -1042 = -5*d - p*i, -3*d = 5*i + 273 - 911. What are the prime factors of d?
2, 103
Suppose -53*q + 51*q = -36. List the prime factors of q.
2, 3
Suppose -2*q = -100 - 756. What are the prime factors of q?
2, 107
Suppose -32 - 221 = 3*t + 4*v, v - 233 = 3*t. Let g = t + 222. What are the prime factors of g?
11, 13
Suppose b + g = -g + 3, 0 = -5*g + 20. What are the prime factors of 105/2 - (1 + b)/8?
53
Let w be 142 + 4 + -5 - 2. Suppose 77 = 3*b - w. What are the prime factors of b?
2, 3
Let s(i) = -4*i + 2. Let z be s(-1). Suppose -z*d + 140 = -d. List the prime factors of d.
2, 7
Let a(l) = -l + 16. Let q(n) = n - 31. Let d(j) = -5*a(j) - 3*q(j). Let y be d(-6). List the prime factors of 34*y - (0 - 0).
2, 17
Suppose 5*r = -3*o + 6*r + 410, -5*o = 5*r - 650. What are the prime factors of o?
3, 5
Let o = 528 + -527. Let g(m) = -4*m. Let f(n) = -48*n. Let v(b) = 3*f(b) - 48*g(b). List the prime factors of v(o).
2, 3
Let l(k) = 3*k + 3 + 6*k**2 - 2*k**2 - k + 4. Let x(a) = -5*a**2 - 2*a - 8. Let c(n) = 4*l(n) + 3*x(n). What are the prime factors of c(-8)?
2, 13
Let b(l) = -436*l - 2. List the prime factors of b(-3).
2, 653
Let f be 88 - ((-8)/2 - -2). Suppose 4*z - f = -z - 2*x, 2*z - 2*x = 50. What are the prime factors of 1*(-1 + z + -2)?
17
Let w = -14 - -45. List the prime factors of 36/(-2)*w/(-2).
3, 31
Let w(l) = 6*l + l**2 + l**2 + 2*l + 9. What are the prime factors of w(-4)?
3
Let v = 48 - -136. What are the prime factors of v?
2, 23
Suppose 0*s + 5*s - 7 = -4*g, -3*g - 15 = -3*s. Suppose 0 = -n + 27 + s. What are the prime factors of n?
2, 3, 5
Let o(g) = -4*g**2 + 5*g**2 + 2 + 2*g**2 - 1. Let t be o(-1). Suppose -4*x = -n - 25, -t = 5*x - 3*n - 30. List the prime factors of x.
7
Let u(r) = 2*r**2 + 16*r - 11. Let g be u(-13). Suppose h + v = 5*h - 129, -4*h + g = v. What are the prime factors of h?
31
Let z(x) = x**2 - 30. List the prime factors of z(20).
2, 5, 37
Let j be (4 - -2)/((-6)/(-9)). List the prime factors of (-102)/(-4)*(j - (-3 + 4)).
2, 3, 17
Suppose 0*h - 19 = 4*w + h, 2*w + 5*h = -23. Let p(k) = 17*k**3 + k**2 - 3*k - 4. Let q be p(-2). List the prime factors of q/w - (-3)/(-6).
2
Let c = 14691 + -9976. What are the prime factors of c?
5, 23, 41
Suppose 3*p = k - 295, 3*p = -4*k + 1861 - 756. Let m be k/(-16)*4/2. What are the prime factors of (1 - 2)*(m + 1)?
2, 17
Let b = 20 + -11. Suppose -5*h + 6 = -b. Suppose -3*s + 14 = -3*i - 85, -h*i = 9. What are the prime factors of s?
2, 3, 5
Let d(n) = 2*n - 1. Let k be d(1). Suppose 4*w + 4*y - 224 = 0, 2*w + 5*y - 72 = w. Suppose -3*l - k = -w. What are the prime factors of l?
17
Let a be (45/12)/5 - 5/(-4). Suppose 0 = -2*v + 6, -a*v = -r + v + 97. List the prime factors of r.
2, 53
Let x(g) = -20*g + 1. Let v be -3*1*(9 + -8). What are the prime factors of x(v)?
61
Let v(t) = 2*t**2 - 72*t - 143. List the prime factors of v(54).
1801
Let r = 392 + -145. What are the prime factors of r?
13, 19
Let u = -4 - -12. Let z be (6/(-4))/(u/(-16)). List the prime factors of 1/((3/19)/z).
19
Let x = -72 + 94. What are the prime factors of x - -2 - (-3 - (-4 + 1))?
2, 3
Let y(a) = -a**3 - a. Let r(v) = 2*v**3 - 6*v**2 + 5*v - 1. Let o(i) = -r(i) - 3*y(i). What are the prime factors of o(-3)?
2, 17
Let s be 14/49 + (-1146)/(-7). Suppose 4*j = 3*r - 110 - 8, 4*j = 4*r - s. List the prime factors of r.
2, 23
Let b(w) = 3*w**2 + 13*w - 6. Let z be 10*((-10)/(-10))/(-1 + 0). List the prime factors of b(z).
2, 41
Let q = 652 + -503. Let j(h) = h**3 + 9*h**2 + 4*h + 9. Let f be j(-6). Let v = q - f. What are the prime factors of v?
2, 7
Suppose -3*m - 147 - 156 = 0. Let g = 218 + m. List the prime factors of g.
3, 13
Let u(z) be the second derivative of z**4/12 - z**3/3 + 6*z**2 + 17*z. What are the prime factors of u(9)?
3, 5
Let z(c) = 129*c + 7. List the prime factors of z(1).
2, 17
Suppose 0 = 4*a + 3*x - 146, -36 - 38 = -2*a - x. Let t = 91 + a. List the prime factors of t.
3, 43
Let p(d) = -d**3 + 5*d**2 - 2*d + 7. Let m be p(5). Let j be 4*(3/(-6) - m). Suppose j*g - 6*g = 100. What are the prime factors of g?
5
Suppose 257*w - 261*w = -2560. What are the prime factors of w?
2, 5
Let a(p) = -p - 10. Let t be a(-8). Let h be -3 - (t + (-4 - -1)). Suppose h*f = 4*f - 30. List the prime factors of f.
3, 5
Suppose 5*x - 2*q = 1015, -3*x + 173 = 2*q - 452. What are the prime factors of x?
5, 41
Suppose 2*t + 5983 = 3*v, -7*t = 3*v - 2*t - 5969. What are the prime factors of v?
1993
Let k(u) = 2*u**3 - 9*u**2 + 21*u - 18. List the prime factors of k(8).
2, 13, 23
Let c(a) = a**3 - 7*a**2 - 9*a + 11. Let z be c(8). Suppose -4 - 23 = -z*d. Let r = d + 10. List the prime factors of r.
19
Let j(g) = -8*g - 16. Let w be j(-16). Let d = w - -76. What are the prime factors of d?
2, 47
Let i = -138 - -202. Let w = i - 58. List the prime factors of w.
2, 3
Suppose -f - 7286 + 1308 = -5*z, -3*f - 3582 = -3*z. What are the prime factors of z?
2, 13, 23
Let a = -2 + -1. Let b = a + -1. List the prime factors of b/(-10) + 476/35.
2, 7
Let p(x) = 293*x**2 + 5*x + 4. Let b be p(-1). Let i = b - 128. List the prime factors of i.
2, 41
Let j = 1763 + -319. Suppose 9*c - j - 239 = 0. What are the prime factors of c?
11, 17
Let s(y) = -y**2 - 2*y + 6. Let n be s(3). Let z(q) = -q**3 - q**2 + q - 4. Let w be z(-3). Let i = w + n. What are the prime factors of i?
2
Let w(v) = 39*v**3 + 3*v**2 - 2*v + 1. List the prime factors of w(2).
3, 107
Let q = -202 - -217. List the prime factors of q.
3, 5
Suppose 0 = -w - 3*o - 35, o = 5*w - 2*o + 121. Let h = -1 - w. List the prime factors of h.
5
What are the prime factors of 7 + 410 - (-5 - -1)?
421
Let f be -1*5/(-1 - 0). Suppose 0*g - 5*l - 55 = -f*g, -2 = -g - 2*l. Let h(p) = -p**2 + 13*p - 8. List the prime factors of h(g).
2
Let d = 26 - 8. Let s be d/15*10/(-4). What are the prime factors of ((-13)/2)/(s/6)?
13
Suppose -30 = -4*k + 2*n, -5*k - 4*n + 11 = -46. What are the prime factors of (159/(-4) - 0)*(-24)/k?
2, 53
Let b(m) = -m + 2. Let g be b(-2). What are the prime factors of 98 + (-1 + 17)/g?
2, 3, 17
Suppose 8040 + 3705 = 15*p. What are the prime factors of p?
3, 29
Let x = 64 + -63. Let r(f) = 212*f**2 + 2*f - 1. What are the prime factors of r(x)?
3, 71
Let o = 28 - 9. Suppose 3*x = -2*c - 35, -37*x + 39*x = -5*c - 38. Let j = o - x. List the prime factors of j.
2, 7
Let t be (5/3 + -2)*-123. Let z = -78 + 54. Let s = z + t. What are the prime factors of s?
17
List the prime factors of (2478/(-52) - (-6)/39)*-6.
3, 5, 19
Suppose 5*s - 5*x = 980, -7*x = -4*x + 12. List the prime factors of s.
2, 3
Let y(l) = -l**3 - 10*l**2 - 12*l - 5. Let z be y(-9). Let j = z + -429. What are the prime factors of (-2)/9 - j/9?
3, 5
Let v(q) = q**3 - 3*q**2 - 3. Let p be v(3). What are the prime factors of p*(-1208)/18*18/12?
2, 151
Suppose 4*n - y = 10, 5*n - 4*n = 3*y - 3. Suppose 5*h + 3*k = -0*h - 207, -2*h - 87 = -n*k. What are the prime factors of (5 + -4)/((-2)/h)?
3, 7
Let c = -11 + 22. Suppose -3*g + c*g - 528 = 0. List the prime factors of g.
2, 3, 11
Let n = 2080 - 1921. List the prime factors of n.
3, 53
